{"id":3118,"date":"2022-11-14T22:00:10","date_gmt":"2022-11-15T05:00:10","guid":{"rendered":"https:\/\/daotrangtayphuong.org\/wordpress\/?page_id=3118"},"modified":"2022-11-15T15:54:07","modified_gmt":"2022-11-15T22:54:07","slug":"guong-vang-sanh-can-dai-vao-ngay-7-thang-9-nam-2022-cua-cu-ba-chan-hy","status":"publish","type":"page","link":"https:\/\/daotrangtayphuong.org\/wordpress\/guong-vang-sanh-can-dai-vao-ngay-7-thang-9-nam-2022-cua-cu-ba-chan-hy\/","title":{"rendered":"G\u01af\u01a0NG V\u00c3NG SANH C\u1eacN \u0110\u1ea0I v\u00e0o ng\u00e0y 7 th\u00e1ng 9 n\u0103m 2022 c\u1ee7a C\u1ee5 B\u00e0 Ch\u00e2n H\u1ef7"},"content":{"rendered":"<div id=\"fb-root\"><\/div>\n\n<h2 class=\"wp-block-heading\"><strong>G\u01af\u01a0NG V\u00c3NG SANH C\u1eacN \u0110\u1ea0I<\/strong><\/h2>\n\n\n\n<h2 class=\"wp-block-heading\"><strong>v\u00e0o ng\u00e0y 7 th\u00e1ng 9 n\u0103m 2022<\/strong><\/h2>\n\n\n\n<h2 class=\"wp-block-heading\"><strong>c\u1ee7a C\u1ee5 B\u00e0 Ch\u00e2n H\u1ef7<\/strong><\/h2>\n\n\n\n<p>\ud83d\ude47\u200d\u2642\ufe0f\ud83d\ude47\u200d\u2642\ufe0f\ud83d\ude47\u200d\u2642\ufe0f\ud83d\ude0d\ud83d\ude0d\ud83d\ude0d<\/p>\n\n\n\n<p class=\"has-large-font-size\">Con k\u00ednh th\u01b0a Th\u1ea7y v\u00e0 \u0111\u1ea1i ch\u00fang cho ph\u00e9p con \u0111\u01b0\u1ee3c chia s\u1ebb l\u1ea1i nh\u1eefng h\u00ecnh \u1ea3nh c\u1ee7a gia \u0111\u00ecnh B\u00e0 \u0111\u00e3 g\u1eedi cho Th\u1ea7y Ch\u00e2n Hi\u1ebfu \ud83d\ude47\u200d\u2642\ufe0f\ud83d\ude47\u200d\u2642\ufe0f\ud83d\ude47\u200d\u2642\ufe0f<\/p>\n\n\n\n<p class=\"has-large-font-size\">\u2022 B\u00e0 t\u00ean l\u00e0 Nguy\u1ec5n Th\u1ecb Anh , ph\u00e1p danh : Ch\u00e2n H\u1ef7 76 tu\u1ed5i<br \/>\u2022 M\u1ea5t ng\u00e0y 12\/8 n\u0103m nh\u00e2m d\u1ea7n b\u00e0 ra \u0111i t\u1ea1i nh\u00e0 \u1ea5p th\u1edbi l\u1ed9c x\u00e3 s\u01a1n \u0111\u1ecbnh huy\u1ec7n ch\u1ee3 l\u00e1ch t\u1ec9nh b\u1ebfn tre<br \/>\u2022 B\u00e0 \u0103n chay tr\u01b0\u1eddng \u0111\u1ebfn nay l\u00e0 42 n\u0103m. B\u00e0 c\u00f3 4 ng\u01b0\u1eddi con 2 ng\u01b0\u1eddi \u0111\u00e3 xu\u1ea5t gia 2 ng\u01b0\u1eddi con g\u00e1i kh\u00f4ng c\u00f3 gia \u0111\u00ecnh tr\u01b0\u1edbc \u0111\u00e2y B\u00e0 tu thi\u1ec1n theo ng\u01b0\u1eddi con trai ph\u00e1p m\u00f4n c\u1ee7a HO\u00c0 TH\u01af\u1ee2NG TH\u00cdCH THANH T\u1eea .Tu thi\u1ec1n kho\u1ea3ng 10 n\u0103m, sau 30 n\u0103m c\u00f2n l\u1ea1i B\u00e0 Chuy\u1ec3n sang ph\u00e1p m\u00f4n T\u1ecbnh \u0110\u1ed9 chuy\u00ean nghe ho\u00e0 th\u01b0\u1ee3ng T\u1ecbnh Kh\u00f4ng v\u00e0 Th\u1ea7y Ch\u00e2n Hi\u1ebfu Gi\u1ea3ng. B\u00e0 nghi\u00eam m\u1eadt tu h\u00e0nh c\u00f4ng phu \u0111i\u1ec1u \u0111\u1eb7ng , \u0110\u1ed1i v\u1edbi ph\u00e1p m\u00f4n T\u1ecbnh \u0110\u1ed9 b\u00e0 c\u00f3 ni\u1ec1m tin v\u1eefng ch\u1eafc.B\u00e0 bu\u00f4ng x\u00e3 v\u1ea1n duy\u00ean h\u1ea1n ch\u1ebf ti\u1ebfp x\u00fac b\u00ean ngo\u00e0i \u1ea9n tu t\u1ea1i nh\u00e0, ch\u00ednh v\u00ec v\u1eady m\u00e0 c\u00f4ng phu c\u1ee7a b\u00e0 ng\u00e0y c\u00e0ng th\u0103ng ti\u1ebfn. B\u00c0 nghe \u0111i nghe l\u1ea1i nhi\u1ec1u l\u1ea7n b\u00e0i Ph\u00e1p c\u1ee7a Th\u1ea7y Ch\u00e2n Hi\u1ebfu (M\u1ed9t ni\u1ec7m hi\u1ec7n ti\u1ec1n nghe r\u00f5 ni\u1ec7m r\u00f5 c\u1ee7a Th\u1ea7y Ch\u00e2n Hi\u1ebfu &#8211; <a href=\"https:\/\/youtu.be\/3dhA8U45UDw\">https:\/\/youtu.be\/3dhA8U45UDw<\/a>).<br \/>_ Sau khi bi\u1ebft m\u00ecnh b\u1ec7nh n\u1eb7ng kho\u1ea3ng 2 n\u0103m b\u00e0 kh\u00f4ng ti\u1ebfp x\u00fac t\u1ea5t c\u1ea3 m\u1ecdi ng\u01b0\u1eddi gi\u1eef t\u00e2m thanh t\u1ecbnh \u0111\u1ec3 Ni\u1ec7m Ph\u1eadt cho \u0111\u1ebfn ng\u00e0y ra \u0111i. Ngo\u00e0i ra b\u00e0 con l\u00e0m t\u1ea5t c\u1ea3 c\u00e1c c\u00f4ng t\u00e1c t\u1eeb thi\u1ec7n x\u00e3 h\u1ed9i gi\u00fap cho b\u00e0 con ngh\u00e8o \u1edf \u0111\u1ecba ph\u01b0\u01a1ng.<\/p>\n\n\n\n<p class=\"has-large-font-size\">C\u00e1c h\u00ecnh \u1ea3nh sinh ho\u1ea1t khi B\u00e0 c\u00f2n kh\u1ecfe m\u1ea1nh <\/p>\n\n\n\n<figure class=\"wp-block-embed is-type-video is-provider-youtube wp-block-embed-youtube wp-embed-aspect-16-9 wp-has-aspect-ratio\"><div class=\"wp-block-embed__wrapper\">\n<iframe loading=\"lazy\" title=\"Th\u1ea7y Ch\u00e2n Hi\u1ebfu - B\u00e0 C\u1ee5 Ch\u00e2n H\u1ef7 V\u00e3ng Sanh (2022) (ng\u00e0y 14 th\u00e1ng 11 n\u0103m 2022)\" width=\"1040\" height=\"585\" src=\"https:\/\/www.youtube.com\/embed\/KT_uPrPkiY4?feature=oembed\" frameborder=\"0\" allow=\"accelerometer; autoplay; clipboard-write; encrypted-media; gyroscope; picture-in-picture; web-share\" allowfullscreen><\/iframe>\n<\/div><figcaption class=\"wp-element-caption\">Xin m\u1eddi xem c\u00e1c h\u00ecnh \u1ea3nh minh ho\u1ea1 b\u00ean d\u01b0\u1edbi <\/figcaption><\/figure>\n\n\n\n<figure class=\"wp-block-image size-large\"><img loading=\"lazy\" decoding=\"async\" width=\"576\" height=\"1024\" src=\"https:\/\/daotrangtayphuong.org\/wordpress\/wp-content\/uploads\/2022\/11\/img_0606-576x1024.jpg\" alt=\"\" class=\"wp-image-3102\" srcset=\"https:\/\/daotrangtayphuong.org\/wordpress\/wp-content\/uploads\/2022\/11\/img_0606-576x1024.jpg 576w, https:\/\/daotrangtayphuong.org\/wordpress\/wp-content\/uploads\/2022\/11\/img_0606-169x300.jpg 169w, https:\/\/daotrangtayphuong.org\/wordpress\/wp-content\/uploads\/2022\/11\/img_0606.jpg 720w\" sizes=\"auto, (max-width: 576px) 100vw, 576px\" \/><\/figure>\n\n\n\n<figure class=\"wp-block-image size-large\"><img loading=\"lazy\" decoding=\"async\" width=\"360\" height=\"640\" src=\"https:\/\/daotrangtayphuong.org\/wordpress\/wp-content\/uploads\/2022\/11\/img_0607.jpg\" alt=\"\" class=\"wp-image-3103\" srcset=\"https:\/\/daotrangtayphuong.org\/wordpress\/wp-content\/uploads\/2022\/11\/img_0607.jpg 360w, https:\/\/daotrangtayphuong.org\/wordpress\/wp-content\/uploads\/2022\/11\/img_0607-169x300.jpg 169w\" sizes=\"auto, (max-width: 360px) 100vw, 360px\" \/><\/figure>\n\n\n\n<figure class=\"wp-block-image size-large\"><img loading=\"lazy\" decoding=\"async\" width=\"360\" height=\"640\" src=\"https:\/\/daotrangtayphuong.org\/wordpress\/wp-content\/uploads\/2022\/11\/img_0608.jpg\" alt=\"\" class=\"wp-image-3104\" srcset=\"https:\/\/daotrangtayphuong.org\/wordpress\/wp-content\/uploads\/2022\/11\/img_0608.jpg 360w, https:\/\/daotrangtayphuong.org\/wordpress\/wp-content\/uploads\/2022\/11\/img_0608-169x300.jpg 169w\" sizes=\"auto, (max-width: 360px) 100vw, 360px\" \/><\/figure>\n\n\n\n<figure class=\"wp-block-video\"><video height=\"540\" style=\"aspect-ratio: 960 \/ 540;\" width=\"960\" controls src=\"https:\/\/daotrangtayphuong.org\/wordpress\/wp-content\/uploads\/2022\/11\/img_0623.mp4\"><\/video><figcaption class=\"wp-element-caption\">Clip B\u00e0 C\u1ee5 l\u00e0m l\u1ec5 ph\u00f3ng sinh cho chim<\/figcaption><\/figure>\n\n\n\n<figure class=\"wp-block-image size-large\"><img loading=\"lazy\" decoding=\"async\" width=\"461\" height=\"1024\" src=\"https:\/\/daotrangtayphuong.org\/wordpress\/wp-content\/uploads\/2022\/11\/img_0610-461x1024.jpg\" alt=\"\" class=\"wp-image-3105\" srcset=\"https:\/\/daotrangtayphuong.org\/wordpress\/wp-content\/uploads\/2022\/11\/img_0610-461x1024.jpg 461w, https:\/\/daotrangtayphuong.org\/wordpress\/wp-content\/uploads\/2022\/11\/img_0610-135x300.jpg 135w, https:\/\/daotrangtayphuong.org\/wordpress\/wp-content\/uploads\/2022\/11\/img_0610.jpg 576w\" sizes=\"auto, (max-width: 461px) 100vw, 461px\" \/><figcaption class=\"wp-element-caption\">B\u00e0 c\u00f4ng phu mi\u00ean m\u1eadt trong nh\u1eefng ng\u00e0y cu\u1ed1i \u0111\u1eddi <\/figcaption><\/figure>\n\n\n\n<figure class=\"wp-block-image size-large\"><img loading=\"lazy\" decoding=\"async\" width=\"1024\" height=\"768\" src=\"https:\/\/daotrangtayphuong.org\/wordpress\/wp-content\/uploads\/2022\/11\/img_0622-1-1024x768.jpg\" alt=\"\" class=\"wp-image-3124\" srcset=\"https:\/\/daotrangtayphuong.org\/wordpress\/wp-content\/uploads\/2022\/11\/img_0622-1-1024x768.jpg 1024w, https:\/\/daotrangtayphuong.org\/wordpress\/wp-content\/uploads\/2022\/11\/img_0622-1-300x225.jpg 300w, https:\/\/daotrangtayphuong.org\/wordpress\/wp-content\/uploads\/2022\/11\/img_0622-1-768x576.jpg 768w, https:\/\/daotrangtayphuong.org\/wordpress\/wp-content\/uploads\/2022\/11\/img_0622-1-1536x1152.jpg 1536w\" sizes=\"auto, (max-width: 1024px) 100vw, 1024px\" \/><\/figure>\n\n\n\n<figure class=\"wp-block-video\"><video height=\"272\" style=\"aspect-ratio: 480 \/ 272;\" width=\"480\" controls src=\"https:\/\/daotrangtayphuong.org\/wordpress\/wp-content\/uploads\/2022\/11\/img_0591.mp4\"><\/video><figcaption class=\"wp-element-caption\">B\u00e0 \u0111\u1ed9 cho li\u00ean h\u1eefu g\u00e0 (con g\u00e0 \u0111\u00e3 ra \u0111i tr\u01b0\u1edbc)<\/figcaption><\/figure>\n\n\n\n<figure class=\"wp-block-video\"><video height=\"568\" style=\"aspect-ratio: 320 \/ 568;\" width=\"320\" controls src=\"https:\/\/daotrangtayphuong.org\/wordpress\/wp-content\/uploads\/2022\/11\/img_0621.mp4\"><\/video><figcaption class=\"wp-element-caption\">\u0110\u1ea1i ch\u00fang c\u00f9ng nhau chu\u1ea9n b\u1ecb chuy\u1ebfn t\u1eeb thi\u1ec7n cu\u1ed1i.<br>L\u00fac n\u00e0y b\u00e0 ng\u1ee7 r\u1ed3i b\u00e0 nghe c\u00f3 ng\u01b0\u1eddi n\u00f3i v\u1edbi b\u00e0 \u201c\u1edf nh\u00e0 Ni\u1ec7m Ph\u1eadt r\u1ed3i v\u1ec1 tr\u1ec3n l\u00e0m ph\u1eadt s\u1ef1 n\u1eefa\u201d<\/figcaption><\/figure>\n\n\n\n<figure class=\"wp-block-video\"><video height=\"320\" style=\"aspect-ratio: 568 \/ 320;\" width=\"568\" controls src=\"https:\/\/daotrangtayphuong.org\/wordpress\/wp-content\/uploads\/2022\/11\/img_0592.mp4\"><\/video><\/figure>\n\n\n\n<figure class=\"wp-block-image size-large\"><img loading=\"lazy\" decoding=\"async\" width=\"480\" height=\"640\" src=\"https:\/\/daotrangtayphuong.org\/wordpress\/wp-content\/uploads\/2022\/11\/img_0600.jpg\" alt=\"\" class=\"wp-image-3107\" srcset=\"https:\/\/daotrangtayphuong.org\/wordpress\/wp-content\/uploads\/2022\/11\/img_0600.jpg 480w, https:\/\/daotrangtayphuong.org\/wordpress\/wp-content\/uploads\/2022\/11\/img_0600-225x300.jpg 225w\" sizes=\"auto, (max-width: 480px) 100vw, 480px\" \/><\/figure>\n\n\n\n<figure class=\"wp-block-image size-large\"><img loading=\"lazy\" decoding=\"async\" width=\"480\" height=\"640\" src=\"https:\/\/daotrangtayphuong.org\/wordpress\/wp-content\/uploads\/2022\/11\/img_0598.jpg\" alt=\"\" class=\"wp-image-3109\" srcset=\"https:\/\/daotrangtayphuong.org\/wordpress\/wp-content\/uploads\/2022\/11\/img_0598.jpg 480w, https:\/\/daotrangtayphuong.org\/wordpress\/wp-content\/uploads\/2022\/11\/img_0598-225x300.jpg 225w\" sizes=\"auto, (max-width: 480px) 100vw, 480px\" \/><\/figure>\n\n\n\n<figure class=\"wp-block-video\"><video height=\"480\" style=\"aspect-ratio: 268 \/ 480;\" width=\"268\" controls src=\"https:\/\/daotrangtayphuong.org\/wordpress\/wp-content\/uploads\/2022\/11\/img_0593.mp4\"><\/video><\/figure>\n\n\n\n<figure class=\"wp-block-image size-large\"><img loading=\"lazy\" decoding=\"async\" width=\"1024\" height=\"768\" src=\"https:\/\/daotrangtayphuong.org\/wordpress\/wp-content\/uploads\/2022\/11\/img_0620-1024x768.jpg\" alt=\"\" class=\"wp-image-3125\" srcset=\"https:\/\/daotrangtayphuong.org\/wordpress\/wp-content\/uploads\/2022\/11\/img_0620-1024x768.jpg 1024w, https:\/\/daotrangtayphuong.org\/wordpress\/wp-content\/uploads\/2022\/11\/img_0620-300x225.jpg 300w, https:\/\/daotrangtayphuong.org\/wordpress\/wp-content\/uploads\/2022\/11\/img_0620-768x576.jpg 768w, https:\/\/daotrangtayphuong.org\/wordpress\/wp-content\/uploads\/2022\/11\/img_0620-1536x1152.jpg 1536w, https:\/\/daotrangtayphuong.org\/wordpress\/wp-content\/uploads\/2022\/11\/img_0620-2048x1536.jpg 2048w\" sizes=\"auto, (max-width: 1024px) 100vw, 1024px\" \/><\/figure>\n\n\n\n<figure class=\"wp-block-image size-large\"><img loading=\"lazy\" decoding=\"async\" width=\"640\" height=\"480\" src=\"https:\/\/daotrangtayphuong.org\/wordpress\/wp-content\/uploads\/2022\/11\/img_0611.jpg\" alt=\"\" class=\"wp-image-3111\" srcset=\"https:\/\/daotrangtayphuong.org\/wordpress\/wp-content\/uploads\/2022\/11\/img_0611.jpg 640w, https:\/\/daotrangtayphuong.org\/wordpress\/wp-content\/uploads\/2022\/11\/img_0611-300x225.jpg 300w\" sizes=\"auto, (max-width: 640px) 100vw, 640px\" \/><\/figure>\n\n\n\n<figure class=\"wp-block-image size-large\"><img loading=\"lazy\" decoding=\"async\" width=\"480\" height=\"640\" src=\"https:\/\/daotrangtayphuong.org\/wordpress\/wp-content\/uploads\/2022\/11\/img_0597.jpg\" alt=\"\" class=\"wp-image-3112\" srcset=\"https:\/\/daotrangtayphuong.org\/wordpress\/wp-content\/uploads\/2022\/11\/img_0597.jpg 480w, https:\/\/daotrangtayphuong.org\/wordpress\/wp-content\/uploads\/2022\/11\/img_0597-225x300.jpg 225w\" sizes=\"auto, (max-width: 480px) 100vw, 480px\" \/><\/figure>\n\n\n\n<figure class=\"wp-block-image size-large\"><img loading=\"lazy\" decoding=\"async\" width=\"480\" height=\"640\" src=\"https:\/\/daotrangtayphuong.org\/wordpress\/wp-content\/uploads\/2022\/11\/img_0602.jpg\" alt=\"\" class=\"wp-image-3113\" srcset=\"https:\/\/daotrangtayphuong.org\/wordpress\/wp-content\/uploads\/2022\/11\/img_0602.jpg 480w, https:\/\/daotrangtayphuong.org\/wordpress\/wp-content\/uploads\/2022\/11\/img_0602-225x300.jpg 225w\" sizes=\"auto, (max-width: 480px) 100vw, 480px\" \/><\/figure>\n\n\n\n<figure class=\"wp-block-image size-large\"><img loading=\"lazy\" decoding=\"async\" width=\"640\" height=\"480\" src=\"https:\/\/daotrangtayphuong.org\/wordpress\/wp-content\/uploads\/2022\/11\/img_0605.jpg\" alt=\"\" class=\"wp-image-3114\" srcset=\"https:\/\/daotrangtayphuong.org\/wordpress\/wp-content\/uploads\/2022\/11\/img_0605.jpg 640w, https:\/\/daotrangtayphuong.org\/wordpress\/wp-content\/uploads\/2022\/11\/img_0605-300x225.jpg 300w\" sizes=\"auto, (max-width: 640px) 100vw, 640px\" \/><\/figure>\n\n\n\n<figure class=\"wp-block-image size-large\"><img loading=\"lazy\" decoding=\"async\" width=\"480\" height=\"640\" src=\"https:\/\/daotrangtayphuong.org\/wordpress\/wp-content\/uploads\/2022\/11\/img_0603.jpg\" alt=\"\" class=\"wp-image-3115\" srcset=\"https:\/\/daotrangtayphuong.org\/wordpress\/wp-content\/uploads\/2022\/11\/img_0603.jpg 480w, https:\/\/daotrangtayphuong.org\/wordpress\/wp-content\/uploads\/2022\/11\/img_0603-225x300.jpg 225w\" sizes=\"auto, (max-width: 480px) 100vw, 480px\" \/><\/figure>\n\n\n\n<figure class=\"wp-block-image size-large\"><img loading=\"lazy\" decoding=\"async\" width=\"768\" height=\"1024\" src=\"https:\/\/daotrangtayphuong.org\/wordpress\/wp-content\/uploads\/2022\/11\/img_0601-768x1024.jpg\" alt=\"\" class=\"wp-image-3116\" srcset=\"https:\/\/daotrangtayphuong.org\/wordpress\/wp-content\/uploads\/2022\/11\/img_0601-768x1024.jpg 768w, https:\/\/daotrangtayphuong.org\/wordpress\/wp-content\/uploads\/2022\/11\/img_0601-225x300.jpg 225w, https:\/\/daotrangtayphuong.org\/wordpress\/wp-content\/uploads\/2022\/11\/img_0601-1152x1536.jpg 1152w, https:\/\/daotrangtayphuong.org\/wordpress\/wp-content\/uploads\/2022\/11\/img_0601.jpg 1512w\" sizes=\"auto, (max-width: 768px) 100vw, 768px\" \/><\/figure>\n\n\n\n<figure class=\"wp-block-image size-large\"><img loading=\"lazy\" decoding=\"async\" width=\"480\" height=\"640\" src=\"https:\/\/daotrangtayphuong.org\/wordpress\/wp-content\/uploads\/2022\/11\/img_0609.jpg\" alt=\"\" class=\"wp-image-3117\" srcset=\"https:\/\/daotrangtayphuong.org\/wordpress\/wp-content\/uploads\/2022\/11\/img_0609.jpg 480w, https:\/\/daotrangtayphuong.org\/wordpress\/wp-content\/uploads\/2022\/11\/img_0609-225x300.jpg 225w\" sizes=\"auto, (max-width: 480px) 100vw, 480px\" \/><figcaption class=\"wp-element-caption\">X\u00e2u chu\u1ed7i nh\u1ef1a kh\u00f4ng ch\u00e1y<\/figcaption><\/figure>\n\n\n\n<p>\ud83d\ude47\u200d\u2642\ufe0f\ud83d\ude47\u200d\u2642\ufe0f\ud83d\ude47\u200d\u2642\ufe0fNAM M\u00d4 TI\u1ebeP D\u1eaaN \u0110\u1ea0O S\u01af A DI \u0110\u00c0 PH\u1eacT \ud83d\ude47\u200d\u2642\ufe0f\ud83d\ude47\u200d\u2642\ufe0f\ud83d\ude47\u200d\u2642\ufe0f<\/p>\n","protected":false},"excerpt":{"rendered":"<p>G\u01af\u01a0NG V\u00c3NG SANH C\u1eacN \u0110\u1ea0I v\u00e0o ng\u00e0y 7 th\u00e1ng 9 n\u0103m 2022 c\u1ee7a C\u1ee5 B\u00e0 Ch\u00e2n H\u1ef7 \ud83d\ude47\u200d\u2642\ufe0f\ud83d\ude47\u200d\u2642\ufe0f\ud83d\ude47\u200d\u2642\ufe0f\ud83d\ude0d\ud83d\ude0d\ud83d\ude0d Con k\u00ednh th\u01b0a Th\u1ea7y v\u00e0 \u0111\u1ea1i ch\u00fang cho ph\u00e9p con \u0111\u01b0\u1ee3c chia s\u1ebb l\u1ea1i nh\u1eefng h\u00ecnh \u1ea3nh<span class=\"more-button\"><a href=\"https:\/\/daotrangtayphuong.org\/wordpress\/guong-vang-sanh-can-dai-vao-ngay-7-thang-9-nam-2022-cua-cu-ba-chan-hy\/\" class=\"more-link\">Continue reading<span class=\"screen-reader-text\">G\u01af\u01a0NG V\u00c3NG SANH C\u1eacN \u0110\u1ea0I v\u00e0o ng\u00e0y 7 th\u00e1ng 9 n\u0103m 2022 c\u1ee7a C\u1ee5 B\u00e0 Ch\u00e2n H\u1ef7<\/span><i class=\"fa fa-angle-right\" aria-hidden=\"true\"><\/i><\/a><\/span><\/p>\n","protected":false},"author":1,"featured_media":0,"parent":0,"menu_order":0,"comment_status":"closed","ping_status":"closed","template":"","meta":{"episode_type":"","audio_file":"","cover_image":"","cover_image_id":"","duration":"","filesize":"","date_recorded":"","explicit":"","block":"","itunes_episode_number":"","itunes_title":"","itunes_season_number":"","itunes_episode_type":"","filesize_raw":"","footnotes":""},"class_list":["post-3118","page","type-page","status-publish","hentry"],"jetpack_sharing_enabled":true,"jetpack_likes_enabled":true,"_links":{"self":[{"href":"https:\/\/daotrangtayphuong.org\/wordpress\/wp-json\/wp\/v2\/pages\/3118","targetHints":{"allow":["GET"]}}],"collection":[{"href":"https:\/\/daotrangtayphuong.org\/wordpress\/wp-json\/wp\/v2\/pages"}],"about":[{"href":"https:\/\/daotrangtayphuong.org\/wordpress\/wp-json\/wp\/v2\/types\/page"}],"author":[{"embeddable":true,"href":"https:\/\/daotrangtayphuong.org\/wordpress\/wp-json\/wp\/v2\/users\/1"}],"replies":[{"embeddable":true,"href":"https:\/\/daotrangtayphuong.org\/wordpress\/wp-json\/wp\/v2\/comments?post=3118"}],"version-history":[{"count":5,"href":"https:\/\/daotrangtayphuong.org\/wordpress\/wp-json\/wp\/v2\/pages\/3118\/revisions"}],"predecessor-version":[{"id":3131,"href":"https:\/\/daotrangtayphuong.org\/wordpress\/wp-json\/wp\/v2\/pages\/3118\/revisions\/3131"}],"wp:attachment":[{"href":"https:\/\/daotrangtayphuong.org\/wordpress\/wp-json\/wp\/v2\/media?parent=3118"}],"curies":[{"name":"wp","href":"https:\/\/api.w.org\/{rel}","templated":true}]}}