{"id":230,"date":"2014-01-24T17:36:03","date_gmt":"2014-01-24T17:36:03","guid":{"rendered":"https:\/\/dotiengiang.wordpress.com\/?page_id=230"},"modified":"2014-01-24T17:36:03","modified_gmt":"2014-01-24T17:36:03","slug":"loi-vang-ngoc-cua-ngai-quan-the-am","status":"publish","type":"page","link":"https:\/\/daotrangtayphuong.org\/wordpress\/nhung-dieu-tam-niem\/loi-vang-ngoc-cua-ngai-quan-the-am\/","title":{"rendered":"L\u1eddi v\u00e0ng ng\u1ecdc c\u1ee7a Ng\u00e0i Qu\u00e1n Th\u1ebf \u00c2m"},"content":{"rendered":"<div id=\"fb-root\"><\/div>\n<p>Download PDF: <a href=\"https:\/\/dotiengiang.files.wordpress.com\/2014\/01\/dong-phap-quan-the-am-ngoc-nu.pdf\">Dong-Phap-Quan-The-Am-Ngoc-Nu<\/a><br \/>\nNh\u1eefng b\u00e0i sau \u0111\u00e2y kh\u00f4ng c\u00f3 trong audio m\u00e0 ch\u1ec9 c\u00f3 trong pdf:<br \/>\n&#8211; Gi\u1ea3i c\u00f4ng \u00e1n<br \/>\n&#8211; Xu\u1ea5t Gia<br \/>\n&#8211; \u0110\u1ed9ng T\u1ecbnh<br \/>\n&#8211; Kh\u1ea9u Nghi\u1ec7p<br \/>\n&#8211; Nghi<br \/>\nDownload audio zip: <a href=\"https:\/\/dotiengiang.files.wordpress.com\/2014\/01\/dong-phap-quan-the-am.zip\"> Dong-Phap-Quan-The-Am-Ngoc-Nu Audio<\/a><br \/>\n01-L\u1eddi B\u1ea1t <br \/>\n02-Hoa <br \/>\n03-tra-hoa <br \/>\n04-am-nhac <br \/>\n05-hoi-hoa <br \/>\n06-kho-de <br \/>\n07-tai-sao tu <br \/>\n08-cung-duong <br \/>\n09-ve-ngay-phat-dan <br \/>\n10-kinh-dien <br \/>\n11-dieu-phap-lien-hoa-kinh <br \/>\n12-phap-mon-thien-dinh <br \/>\n13-nhap-the <br \/>\n14-luan-ve-tien <br \/>\n15-thoi-trang <br \/>\n16-ai-duc <br \/>\n17-biet-ly <br \/>\n18-nhan-dao <br \/>\n19-tuyet-doi <br \/>\n20-benh-kho <br \/>\n21-bo-tat-gioi <br \/>\n22-dia-nguc <\/p>\n","protected":false},"excerpt":{"rendered":"<p>Download PDF: Dong-Phap-Quan-The-Am-Ngoc-Nu Nh\u1eefng b\u00e0i sau \u0111\u00e2y kh\u00f4ng c\u00f3 trong audio m\u00e0 ch\u1ec9 c\u00f3 trong pdf: &#8211; Gi\u1ea3i c\u00f4ng \u00e1n &#8211; Xu\u1ea5t Gia &#8211; \u0110\u1ed9ng T\u1ecbnh &#8211; Kh\u1ea9u Nghi\u1ec7p &#8211; Nghi Download audio zip: Dong-Phap-Quan-The-Am-Ngoc-Nu<span class=\"more-button\"><a href=\"https:\/\/daotrangtayphuong.org\/wordpress\/nhung-dieu-tam-niem\/loi-vang-ngoc-cua-ngai-quan-the-am\/\" class=\"more-link\">Continue reading<span class=\"screen-reader-text\">L\u1eddi v\u00e0ng ng\u1ecdc c\u1ee7a Ng\u00e0i Qu\u00e1n Th\u1ebf \u00c2m<\/span><i class=\"fa fa-angle-right\" aria-hidden=\"true\"><\/i><\/a><\/span><\/p>\n","protected":false},"author":1,"featured_media":0,"parent":201,"menu_order":0,"comment_status":"open","ping_status":"open","template":"","meta":{"episode_type":"","audio_file":"","cover_image":"","cover_image_id":"","duration":"","filesize":"","date_recorded":"","explicit":"","block":"","itunes_episode_number":"","itunes_title":"","itunes_season_number":"","itunes_episode_type":"","filesize_raw":"","footnotes":""},"class_list":["post-230","page","type-page","status-publish","hentry"],"jetpack_sharing_enabled":true,"jetpack_likes_enabled":true,"_links":{"self":[{"href":"https:\/\/daotrangtayphuong.org\/wordpress\/wp-json\/wp\/v2\/pages\/230","targetHints":{"allow":["GET"]}}],"collection":[{"href":"https:\/\/daotrangtayphuong.org\/wordpress\/wp-json\/wp\/v2\/pages"}],"about":[{"href":"https:\/\/daotrangtayphuong.org\/wordpress\/wp-json\/wp\/v2\/types\/page"}],"author":[{"embeddable":true,"href":"https:\/\/daotrangtayphuong.org\/wordpress\/wp-json\/wp\/v2\/users\/1"}],"replies":[{"embeddable":true,"href":"https:\/\/daotrangtayphuong.org\/wordpress\/wp-json\/wp\/v2\/comments?post=230"}],"version-history":[{"count":0,"href":"https:\/\/daotrangtayphuong.org\/wordpress\/wp-json\/wp\/v2\/pages\/230\/revisions"}],"up":[{"embeddable":true,"href":"https:\/\/daotrangtayphuong.org\/wordpress\/wp-json\/wp\/v2\/pages\/201"}],"wp:attachment":[{"href":"https:\/\/daotrangtayphuong.org\/wordpress\/wp-json\/wp\/v2\/media?parent=230"}],"curies":[{"name":"wp","href":"https:\/\/api.w.org\/{rel}","templated":true}]}}