{"id":227,"date":"2014-01-13T06:06:16","date_gmt":"2014-01-13T06:06:16","guid":{"rendered":"https:\/\/dotiengiang.wordpress.com\/?page_id=227"},"modified":"2014-01-13T06:06:16","modified_gmt":"2014-01-13T06:06:16","slug":"biet","status":"publish","type":"page","link":"https:\/\/daotrangtayphuong.org\/wordpress\/nhung-dieu-tam-niem\/biet\/","title":{"rendered":"Kh\u1ed5 v\u00ec Bi\u1ebft"},"content":{"rendered":"<div id=\"fb-root\"><\/div>\n<p>Ph\u00e0m phu ch\u00fang ta \u0111au kh\u1ed5 c\u0169ng v\u00ec c\u00e1i bi\u1ebft. Bi\u1ebft \u00edt kh\u1ed5 \u00edt, bi\u1ebft nhi\u1ec1u kh\u1ed5 nhi\u1ec1u. C\u00e0ng bi\u1ebft c\u00e0ng kh\u1ed5. V\u00ec sao, v\u00ec ta bi\u1ebft 1 nh\u01b0ng kh\u00f4ng bi\u1ebft 2, bi\u1ebft 10 nh\u01b0ng kh\u00f4ng bi\u1ebft \u0111\u01b0\u1ee3c v\u00f4 l\u01b0\u1ee3ng ki\u1ebfp cho n\u00ean ta quy\u1ebft \u0111o\u00e1n s\u1ef1 vi\u1ec7c lu\u00f4n ch\u1ee7 quan, lu\u00f4n \u0111o\u1ea3n h\u1eadu.<br \/>\nC\u00e1c \u0111\u1ea5ng Nh\u01b0 Lai v\u00ec c\u00f3 c\u00e1i th\u1ea5y xuy\u00ean su\u1ed1t c\u1ee7a v\u00f4 l\u01b0\u1ee3ng ki\u1ebfp n\u00ean c\u00e1c Ng\u00e0i gi\u1ea3i quy\u1ebft vi\u1ec7c lu\u00f4n ho\u00e0n h\u1ea3o v\u00e0 c\u00e1c Ng\u00e0i lu\u00f4n t\u1ef1 t\u1ea1i.<br \/>\nTrong khi ch\u1edd \u0111\u1ee3i t\u1edbi c\u00e1i ng\u00e0y ta tr\u1edf th\u00e0nh c\u00e1c \u0111\u1ea5ng Nh\u01b0 Lai (\u0111\u1ec3 c\u00f3 \u0111\u01b0\u1ee3c c\u00e1i th\u1ea5y bi\u1ebft ho\u00e0n h\u1ea3o nh\u01b0 c\u00e1c \u0111\u1ea5ng Nh\u01b0 Lai), th\u00ec ta ch\u1ec9 c\u00f3 th\u1ec3 c\u1ea7u nguy\u1ec7n v\u00e0 c\u00f9ng c\u1ea7u nguy\u1ec7n v\u1edbi c\u00e1c \u0111\u01b0\u01a1ng s\u1ef1 (n\u1ebfu c\u00f3 th\u1ec3) \u0111\u1ec3 gi\u1ea3i h\u00f3a nh\u1eefng v\u1ea5n \u0111\u1ec1 \u0111ang l\u00e0m phi\u1ec1n mu\u1ed9n \u0111\u1ebfn ta trong x\u00e3 h\u1ed9i.<\/p>\n","protected":false},"excerpt":{"rendered":"<p>Ph\u00e0m phu ch\u00fang ta \u0111au kh\u1ed5 c\u0169ng v\u00ec c\u00e1i bi\u1ebft. Bi\u1ebft \u00edt kh\u1ed5 \u00edt, bi\u1ebft nhi\u1ec1u kh\u1ed5 nhi\u1ec1u. C\u00e0ng bi\u1ebft c\u00e0ng kh\u1ed5. V\u00ec sao, v\u00ec ta bi\u1ebft 1 nh\u01b0ng kh\u00f4ng bi\u1ebft 2, bi\u1ebft 10 nh\u01b0ng<span class=\"more-button\"><a href=\"https:\/\/daotrangtayphuong.org\/wordpress\/nhung-dieu-tam-niem\/biet\/\" class=\"more-link\">Continue reading<span class=\"screen-reader-text\">Kh\u1ed5 v\u00ec Bi\u1ebft<\/span><i class=\"fa fa-angle-right\" aria-hidden=\"true\"><\/i><\/a><\/span><\/p>\n","protected":false},"author":1,"featured_media":0,"parent":201,"menu_order":0,"comment_status":"open","ping_status":"open","template":"","meta":{"episode_type":"","audio_file":"","cover_image":"","cover_image_id":"","duration":"","filesize":"","date_recorded":"","explicit":"","block":"","itunes_episode_number":"","itunes_title":"","itunes_season_number":"","itunes_episode_type":"","filesize_raw":"","footnotes":""},"class_list":["post-227","page","type-page","status-publish","hentry"],"jetpack_sharing_enabled":true,"jetpack_likes_enabled":true,"_links":{"self":[{"href":"https:\/\/daotrangtayphuong.org\/wordpress\/wp-json\/wp\/v2\/pages\/227","targetHints":{"allow":["GET"]}}],"collection":[{"href":"https:\/\/daotrangtayphuong.org\/wordpress\/wp-json\/wp\/v2\/pages"}],"about":[{"href":"https:\/\/daotrangtayphuong.org\/wordpress\/wp-json\/wp\/v2\/types\/page"}],"author":[{"embeddable":true,"href":"https:\/\/daotrangtayphuong.org\/wordpress\/wp-json\/wp\/v2\/users\/1"}],"replies":[{"embeddable":true,"href":"https:\/\/daotrangtayphuong.org\/wordpress\/wp-json\/wp\/v2\/comments?post=227"}],"version-history":[{"count":0,"href":"https:\/\/daotrangtayphuong.org\/wordpress\/wp-json\/wp\/v2\/pages\/227\/revisions"}],"up":[{"embeddable":true,"href":"https:\/\/daotrangtayphuong.org\/wordpress\/wp-json\/wp\/v2\/pages\/201"}],"wp:attachment":[{"href":"https:\/\/daotrangtayphuong.org\/wordpress\/wp-json\/wp\/v2\/media?parent=227"}],"curies":[{"name":"wp","href":"https:\/\/api.w.org\/{rel}","templated":true}]}}