{"id":209,"date":"2013-10-16T05:56:55","date_gmt":"2013-10-16T05:56:55","guid":{"rendered":"https:\/\/dotiengiang.wordpress.com\/?page_id=209"},"modified":"2013-10-16T05:56:55","modified_gmt":"2013-10-16T05:56:55","slug":"kinh-dai-thua-kim-cang-kinh-luan","status":"publish","type":"page","link":"https:\/\/daotrangtayphuong.org\/wordpress\/nhung-dieu-tam-niem\/kinh-dai-thua-kim-cang-kinh-luan\/","title":{"rendered":"Kinh \u0110\u1ea1i Th\u1eeba Kim Cang Kinh Lu\u1eadn"},"content":{"rendered":"<div id=\"fb-root\"><\/div>\n<p>\u0110\u1ee9c Th\u1ebf T\u00f4n n\u00f3i: Ng\u01b0\u1eddi ph\u00e0m phu<br \/>\n&#8211; Nh\u00ecn nh\u1eadn t\u1ee9 \u0111\u1ea1i s\u1eafc th\u00e2n cho l\u00e0 ta, tham s\u1ed1ng s\u1ee3 ch\u1ebft g\u1ecdi l\u00e0 ng\u00e3 t\u01b0\u1edbng<br \/>\n&#8211; L\u00f2ng c\u00f2n th\u01b0\u01a1ng gh\u00e9t, \u00fd ch\u1eb3ng b\u00ecnh \u0111\u1eb3ng g\u1ecdi l\u00e0 c\u00f3 nh\u00e2n t\u01b0\u1edbng<br \/>\n&#8211; Ni\u1ec7m t\u01b0\u1edfng theo c\u00e1i l\u00f2ng mu\u1ed1n c\u1ee7a ph\u00e0m phu n\u00f3 d\u1eabn gi\u1eaft, ch\u1eb3ng c\u1ea7n gi\u1ea3i tho\u00e1t l\u00e0 c\u00f3 ch\u00fanh sanh t\u01b0\u1edbng<br \/>\n&#8211; T\u00e2m th\u1ee9c ch\u01b0a di\u1ec7t tr\u1eeb, nghi\u1ec7p ch\u01b0\u1edbng th\u01b0\u1eddng ph\u00e1t \u0111\u1ed9ng, ch\u1eb3ng ng\u1ed9 \u0111\u01b0\u1ee3c c\u00e1i ph\u00e1p v\u00f4 sanh, ch\u00e2n kh\u00f4ng, th\u1eadt t\u00e1nh, th\u01b0\u1eddng theo t\u00e2m c\u1ea3nh, \u00fd th\u1ee9c d\u1eabn gi\u1eaft g\u1ecdi l\u00e0 c\u00f3 th\u1ecd gi\u1ea3 t\u01b0\u1edbng<\/p>\n","protected":false},"excerpt":{"rendered":"<p>\u0110\u1ee9c Th\u1ebf T\u00f4n n\u00f3i: Ng\u01b0\u1eddi ph\u00e0m phu &#8211; Nh\u00ecn nh\u1eadn t\u1ee9 \u0111\u1ea1i s\u1eafc th\u00e2n cho l\u00e0 ta, tham s\u1ed1ng s\u1ee3 ch\u1ebft g\u1ecdi l\u00e0 ng\u00e3 t\u01b0\u1edbng &#8211; L\u00f2ng c\u00f2n th\u01b0\u01a1ng gh\u00e9t, \u00fd ch\u1eb3ng b\u00ecnh \u0111\u1eb3ng g\u1ecdi<span class=\"more-button\"><a href=\"https:\/\/daotrangtayphuong.org\/wordpress\/nhung-dieu-tam-niem\/kinh-dai-thua-kim-cang-kinh-luan\/\" class=\"more-link\">Continue reading<span class=\"screen-reader-text\">Kinh \u0110\u1ea1i Th\u1eeba Kim Cang Kinh Lu\u1eadn<\/span><i class=\"fa fa-angle-right\" aria-hidden=\"true\"><\/i><\/a><\/span><\/p>\n","protected":false},"author":1,"featured_media":0,"parent":201,"menu_order":0,"comment_status":"open","ping_status":"open","template":"","meta":{"episode_type":"","audio_file":"","cover_image":"","cover_image_id":"","duration":"","filesize":"","date_recorded":"","explicit":"","block":"","itunes_episode_number":"","itunes_title":"","itunes_season_number":"","itunes_episode_type":"","filesize_raw":"","footnotes":""},"class_list":["post-209","page","type-page","status-publish","hentry"],"jetpack_sharing_enabled":true,"jetpack_likes_enabled":true,"_links":{"self":[{"href":"https:\/\/daotrangtayphuong.org\/wordpress\/wp-json\/wp\/v2\/pages\/209","targetHints":{"allow":["GET"]}}],"collection":[{"href":"https:\/\/daotrangtayphuong.org\/wordpress\/wp-json\/wp\/v2\/pages"}],"about":[{"href":"https:\/\/daotrangtayphuong.org\/wordpress\/wp-json\/wp\/v2\/types\/page"}],"author":[{"embeddable":true,"href":"https:\/\/daotrangtayphuong.org\/wordpress\/wp-json\/wp\/v2\/users\/1"}],"replies":[{"embeddable":true,"href":"https:\/\/daotrangtayphuong.org\/wordpress\/wp-json\/wp\/v2\/comments?post=209"}],"version-history":[{"count":0,"href":"https:\/\/daotrangtayphuong.org\/wordpress\/wp-json\/wp\/v2\/pages\/209\/revisions"}],"up":[{"embeddable":true,"href":"https:\/\/daotrangtayphuong.org\/wordpress\/wp-json\/wp\/v2\/pages\/201"}],"wp:attachment":[{"href":"https:\/\/daotrangtayphuong.org\/wordpress\/wp-json\/wp\/v2\/media?parent=209"}],"curies":[{"name":"wp","href":"https:\/\/api.w.org\/{rel}","templated":true}]}}