{"id":2031,"date":"2021-11-07T11:26:55","date_gmt":"2021-11-07T18:26:55","guid":{"rendered":"https:\/\/daotrangtayphuong.org\/wordpress\/?page_id=2031"},"modified":"2022-12-19T07:43:51","modified_gmt":"2022-12-19T14:43:51","slug":"thoi-khoa-tu-theo-thay-thich-tam-tuong","status":"publish","type":"page","link":"https:\/\/daotrangtayphuong.org\/wordpress\/thoi-khoa-tu-theo-thay-thich-tam-tuong\/","title":{"rendered":"Th\u1eddi kh\u00f3a tu theo Th\u1ea7y Th\u00edch T\u00e2m T\u01b0\u1eddng"},"content":{"rendered":"<div id=\"fb-root\"><\/div>\n\n<div class=\"wp-block-image size-large\"><figure class=\"aligncenter\"><img loading=\"lazy\" decoding=\"async\" width=\"450\" height=\"675\" src=\"https:\/\/daotrangtayphuong.org\/wordpress\/wp-content\/uploads\/2021\/11\/A_Di_Da_Profile.png\" alt=\"\" class=\"wp-image-2032\" srcset=\"https:\/\/daotrangtayphuong.org\/wordpress\/wp-content\/uploads\/2021\/11\/A_Di_Da_Profile.png 450w, https:\/\/daotrangtayphuong.org\/wordpress\/wp-content\/uploads\/2021\/11\/A_Di_Da_Profile-200x300.png 200w\" sizes=\"auto, (max-width: 450px) 100vw, 450px\" \/><\/figure><\/div>\n\n\n\n<h2 class=\"wp-block-heading\">M\u1ee5c th\u00f4ng b\u00e1o<\/h2>\n\n\n\n<div class=\"ycd-all-content-wrapper ycd-countdown-content-wrapper-1623\"><div class=\"ycd-countdown-wrapper\"><div class=\"ycd-circle-expiration-before-countdown\" style=\"display:none\"><\/div><div class=\"ycd-circle-before-countdown\"><\/div>\t\t<div class=\"ycd-circle-1623-wrapper ycd-circle-wrapper ycd-countdown-content-wrapper\">\n\t\t\t<div\n\t\t\t\tid=\"ycd-circle-1623\"\n\t\t\t\tdata-id=\"1623\"\n\t\t\t\tclass=\"ycd-time-circle\"\n\t\t\t\tdata-options='{&quot;id&quot;:1623,&quot;ycd-seconds&quot;:-140367291,&quot;ycd-countdown-date-type&quot;:&quot;dueDate&quot;,&quot;ycd-countdown-duration-days&quot;:&quot;0&quot;,&quot;ycd-countdown-duration-hours&quot;:&quot;2&quot;,&quot;ycd-countdown-duration-minutes&quot;:&quot;0&quot;,&quot;ycd-countdown-duration-seconds&quot;:&quot;00&quot;,&quot;ycd-countdown-save-duration&quot;:&quot;&quot;,&quot;ycd-countdown-save-duration-each-user&quot;:&quot;&quot;,&quot;ycd-date-time-picker&quot;:&quot;2021-11-10 18:00&quot;,&quot;ycd-time-zone&quot;:&quot;America\\\/Los_Angeles&quot;,&quot;ycd-countdown-restart&quot;:&quot;&quot;,&quot;ycd-countdown-restart-hour&quot;:&quot;1&quot;,&quot;ycd-countdown-expire-behavior&quot;:&quot;hideCountdown&quot;,&quot;ycd-count-up-from-end-date&quot;:&quot;&quot;,&quot;ycd-countdown-enable-woo-condition&quot;:&quot;&quot;,&quot;ycd-woo-condition&quot;:&quot;disabled&quot;,&quot;ycd-scroll-to-countdown&quot;:&quot;&quot;,&quot;isExpired&quot;:true,&quot;animation&quot;:&quot;smooth&quot;,&quot;direction&quot;:&quot;Clockwise&quot;,&quot;fg_width&quot;:&quot;0.1&quot;,&quot;bg_width&quot;:&quot;1.2&quot;,&quot;start_angle&quot;:&quot;0&quot;,&quot;count_past_zero&quot;:false,&quot;hideTextInsideCircle&quot;:true,&quot;circle_bg_color&quot;:&quot;#60686F&quot;,&quot;use_background&quot;:&quot;checked&quot;,&quot;ycd-schedule-time-zone&quot;:&quot;Pacific\\\/Midway&quot;,&quot;startDay&quot;:null,&quot;startDayNumber&quot;:null,&quot;endDay&quot;:null,&quot;endDayNumber&quot;:null,&quot;currentDayNumber&quot;:null,&quot;ycd-schedule-end-to&quot;:&quot;&quot;,&quot;ycd-schedule-start-from&quot;:&quot;&quot;,&quot;ycd-countdown-showing-limitation&quot;:&quot;&quot;,&quot;ycd-countdown-expiration-time&quot;:&quot;1&quot;,&quot;ycd-countdown-switch-number&quot;:&quot;&quot;,&quot;ycd-countdown-last-seconds&quot;:&quot;&quot;,&quot;ycd-countdown-last-seconds-duration&quot;:&quot;10&quot;,&quot;ycd-countdown-last-seconds-color&quot;:&quot;rgba(250, 0, 0, 1)&quot;,&quot;time&quot;:{&quot;Years&quot;:{&quot;text&quot;:&quot;Years&quot;,&quot;color&quot;:&quot;#A52A2A&quot;,&quot;show&quot;:&quot;&quot;},&quot;Months&quot;:{&quot;text&quot;:&quot;Months&quot;,&quot;color&quot;:&quot;#8A2BE2&quot;,&quot;show&quot;:&quot;&quot;},&quot;Days&quot;:{&quot;text&quot;:&quot;NG\\u00c0Y&quot;,&quot;color&quot;:&quot;#FFCC66&quot;,&quot;show&quot;:&quot;checked&quot;},&quot;Hours&quot;:{&quot;text&quot;:&quot;GI\\u1edc&quot;,&quot;color&quot;:&quot;#99CCFF&quot;,&quot;show&quot;:&quot;checked&quot;},&quot;Minutes&quot;:{&quot;text&quot;:&quot;PH\\u00daT&quot;,&quot;color&quot;:&quot;#BBFFBB&quot;,&quot;show&quot;:&quot;checked&quot;},&quot;Seconds&quot;:{&quot;text&quot;:&quot;GI\\u00c2Y&quot;,&quot;color&quot;:&quot;#FF9999&quot;,&quot;show&quot;:&quot;checked&quot;}}}'\n\t\t\t\tdata-all-options='{&quot;ycd-countries-is&quot;:&quot;is&quot;,&quot;ycd-countdown-date-type&quot;:&quot;dueDate&quot;,&quot;ycd-date-time-picker&quot;:&quot;2021-11-10 18:00&quot;,&quot;ycd-circle-time-zone&quot;:&quot;America\\\/Los_Angeles&quot;,&quot;ycd-countdown-restart-hour&quot;:&quot;1&quot;,&quot;ycd-countdown-duration-days&quot;:&quot;0&quot;,&quot;ycd-countdown-duration-hours&quot;:&quot;2&quot;,&quot;ycd-countdown-duration-minutes&quot;:&quot;0&quot;,&quot;ycd-countdown-duration-seconds&quot;:&quot;00&quot;,&quot;ycd-woo-time-zone&quot;:&quot;Pacific\\\/Midway&quot;,&quot;ycd-woo-coupon-date&quot;:&quot;&quot;,&quot;ycd-schedule-time-zone&quot;:&quot;Pacific\\\/Midway&quot;,&quot;ycd-schedule-start-from&quot;:&quot;&quot;,&quot;ycd-schedule-end-to&quot;:&quot;&quot;,&quot;ycd-schedule2-time-zone&quot;:&quot;Pacific\\\/Midway&quot;,&quot;ycd-schedule2-from&quot;:&quot;&quot;,&quot;ycd-schedule2-to&quot;:&quot;&quot;,&quot;ycd-position-countdown&quot;:&quot;top_center&quot;,&quot;ycd-display-settings&quot;:[{&quot;key1&quot;:&quot;select_settings&quot;,&quot;key3&quot;:[]}],&quot;ycd-countdown-end-sound-url&quot;:&quot;https:\\\/\\\/daotrangtayphuong.org\\\/wordpress\\\/wp-content\\\/plugins\\\/countdown-builder\\\/lib\\\/alarm.mp3&quot;,&quot;ycd-custom-css&quot;:&quot;&quot;,&quot;ycd-custom-js&quot;:&quot;&quot;,&quot;ycd-subscribe-width&quot;:&quot;100%&quot;,&quot;ycd-form-above-text&quot;:&quot;Join Our Newsletter&quot;,&quot;ycd-form-input-text&quot;:&quot;Enter your email here&quot;,&quot;ycd-form-submit-text&quot;:&quot;Subscribe&quot;,&quot;ycd-form-submit-color&quot;:&quot;#3274d1&quot;,&quot;ycd-subscribe-success-message&quot;:&quot;Thanks for subscribing.&quot;,&quot;ycd-subscribe-error-message&quot;:&quot;Invalid email address.&quot;,&quot;ycd-countdown-expire-behavior&quot;:&quot;hideCountdown&quot;,&quot;ycd-expire-text&quot;:&quot;&quot;,&quot;ycd-expire-url&quot;:&quot;&quot;,&quot;ycd-button-name&quot;:&quot;Buy Now&quot;,&quot;ycd-button-width&quot;:&quot;200px&quot;,&quot;ycd-button-height&quot;:&quot;50px&quot;,&quot;ycd-button-border-width&quot;:&quot;0px&quot;,&quot;ycd-button-border-radius&quot;:&quot;5&quot;,&quot;ycd-button-margin-top&quot;:&quot;0px&quot;,&quot;ycd-button-margin-right&quot;:&quot;0px&quot;,&quot;ycd-button-margin-bottom&quot;:&quot;0px&quot;,&quot;ycd-button-margin-left&quot;:&quot;0px&quot;,&quot;ycd-button-opacity&quot;:&quot;1&quot;,&quot;ycd-button-font-size&quot;:&quot;14px&quot;,&quot;ycd-button-bg-color&quot;:&quot;#4dba7a&quot;,&quot;ycd-button-color&quot;:&quot;#ffffff&quot;,&quot;ycd-button-border-color&quot;:&quot;&quot;,&quot;ycd-button-hover-animation-speed&quot;:&quot;&quot;,&quot;ycd-button-hover-bg-color&quot;:&quot;#4dba7a&quot;,&quot;ycd-button-hover-color&quot;:&quot;#ffffff&quot;,&quot;ycd-countdown-button-behavior&quot;:&quot;redirect&quot;,&quot;ycd-button-action-url&quot;:&quot;https:\\\/\\\/daotrangtayphuong.org\\\/wordpress&quot;,&quot;ycd-scroll-to-selector&quot;:&quot;&quot;,&quot;ycd-animation-speed&quot;:&quot;&quot;,&quot;ycd-download-url&quot;:&quot;&quot;,&quot;ycd-download-name&quot;:&quot;&quot;,&quot;ycd-button-copy-text&quot;:&quot;&quot;,&quot;ycd-button-alert-text&quot;:&quot;&quot;,&quot;ycd-date-progress-start-date&quot;:&quot;2021-04-24 04:48&quot;,&quot;ycd-progress-width&quot;:&quot;&quot;,&quot;ycd-progress-height&quot;:&quot;&quot;,&quot;ycd-progress-main-color&quot;:&quot;&quot;,&quot;ycd-progress-color&quot;:&quot;&quot;,&quot;ycd-progress-text-color&quot;:&quot;&quot;,&quot;ycd-text-font-size&quot;:&quot;9&quot;,&quot;ycd-text-margin-top&quot;:&quot;0&quot;,&quot;ycd-countdown-font-weight&quot;:&quot;normal&quot;,&quot;ycd-countdown-font-style&quot;:&quot;initial&quot;,&quot;ycd-text-font-family&quot;:&quot;Century Gothic&quot;,&quot;ycd-countdown-number-size&quot;:&quot;35&quot;,&quot;ycd-number-margin-top&quot;:&quot;0&quot;,&quot;ycd-countdown-number-font-weight&quot;:&quot;bold&quot;,&quot;ycd-countdown-number-font-style&quot;:&quot;normal&quot;,&quot;ycd-countdown-number-font&quot;:&quot;inherit&quot;,&quot;ycd-countdown-years-text&quot;:&quot;Years&quot;,&quot;ycd-countdown-years-color&quot;:&quot;#a52a2a&quot;,&quot;ycd-countdown-years-text-color&quot;:&quot;#000000&quot;,&quot;ycd-countdown-months-text&quot;:&quot;Months&quot;,&quot;ycd-countdown-months-color&quot;:&quot;#8a2be2&quot;,&quot;ycd-countdown-months-text-color&quot;:&quot;#000000&quot;,&quot;ycd-countdown-days&quot;:&quot;on&quot;,&quot;ycd-countdown-days-text&quot;:&quot;NG\\u00c0Y&quot;,&quot;ycd-countdown-days-color&quot;:&quot;#ffcc66&quot;,&quot;ycd-countdown-days-text-color&quot;:&quot;#000000&quot;,&quot;ycd-countdown-hours&quot;:&quot;on&quot;,&quot;ycd-countdown-hours-text&quot;:&quot;GI\\u1edc&quot;,&quot;ycd-countdown-hours-color&quot;:&quot;#99ccff&quot;,&quot;ycd-countdown-hours-text-color&quot;:&quot;#000000&quot;,&quot;ycd-countdown-minutes&quot;:&quot;on&quot;,&quot;ycd-countdown-minutes-text&quot;:&quot;PH\\u00daT&quot;,&quot;ycd-countdown-minutes-color&quot;:&quot;#bbffbb&quot;,&quot;ycd-countdown-minutes-text-color&quot;:&quot;#000000&quot;,&quot;ycd-countdown-seconds&quot;:&quot;on&quot;,&quot;ycd-countdown-seconds-text&quot;:&quot;GI\\u00c2Y&quot;,&quot;ycd-countdown-seconds-color&quot;:&quot;#ff9999&quot;,&quot;ycd-countdown-seconds-text-color&quot;:&quot;#000000&quot;,&quot;ycd-circle-alignment&quot;:&quot;center&quot;,&quot;ycd-circle-animation&quot;:&quot;smooth&quot;,&quot;ycd-countdown-width&quot;:&quot;500&quot;,&quot;ycd-dimension-measure&quot;:&quot;px&quot;,&quot;ycd-countdown-background-circle&quot;:&quot;on&quot;,&quot;ycd-circle-bg-width&quot;:&quot;1.2&quot;,&quot;ycd-countdown-bg-circle-color&quot;:&quot;#60686f&quot;,&quot;ycd-countdown-direction&quot;:&quot;Clockwise&quot;,&quot;ycd-circle-width&quot;:&quot;0.1&quot;,&quot;ycd-circle-start-angle&quot;:&quot;0&quot;,&quot;ycd-bg-image-size&quot;:&quot;cover&quot;,&quot;ycd-bg-image-repeat&quot;:&quot;no-repeat&quot;,&quot;ycd-bg-image-url&quot;:&quot;&quot;,&quot;ycd-bg-video-url&quot;:&quot;&quot;,&quot;ycd-countdown-content-click-url&quot;:&quot;&quot;,&quot;ycd-countdown-expiration-time&quot;:&quot;1&quot;,&quot;ycd-circle-showing-animation&quot;:&quot;No effect&quot;,&quot;ycd-circle-showing-animation-speed&quot;:&quot;1&quot;,&quot;ycd-circle-box-shadow-horizontal-length&quot;:&quot;10&quot;,&quot;ycd-circle-box-shadow-vertical-length&quot;:&quot;10&quot;,&quot;ycd-circle-box-blur-radius&quot;:&quot;5&quot;,&quot;ycd-circle-box-spread-radius&quot;:&quot;1&quot;,&quot;ycd-circle-box-shadow-color&quot;:&quot;#ffffff&quot;,&quot;ycd-countdown-padding&quot;:&quot;0&quot;,&quot;ycd-circle-countdown-before-countdown&quot;:&quot;&quot;,&quot;ycd-circle-countdown-after-countdown&quot;:&quot;&quot;,&quot;ycd-type&quot;:&quot;circle&quot;,&quot;ycd-post-id&quot;:&quot;1623&quot;,&quot;id&quot;:1623}'\n\t\t\t\tdata-timer=\"0\"\n\t\t\t\tstyle=\"background-image: url(); background-repeat: no-repeat; background-size: cover; ; width: 500px; height: 100%; padding: 0; box-sizing: border-box; background-color: inherit\">\n\t\t\t<\/div>\n\t\t<\/div>\n\t\t<div class=\"ycd-circle-expiration-after-countdown\" style=\"display:none\"><\/div><div class=\"ycd-circle-after-countdown\"><\/div><\/div>\t    <style type=\"text\/css\">\n            #ycd-circle-1623 {\n                padding: 0px;\n                box-sizing: border-box;\n                display: inline-block;\n            }\n            #ycd-circle-1623 h4 {\n                font-size: 9px !important;\n                margin-top: 0px !important;\n                font-weight: normal !important;\n                font-style: initial !important;\n                font-family: Century Gothic !important;\n            }\n            #ycd-circle-1623 span {\n                font-size: 35px !important;\n                margin-top: 0px !important;\n                font-weight: bold !important;\n                font-style: normal !important;\n                font-family: inherit !important;\n            }\n            #ycd-circle-1623 .textDiv_Years h4 {\n                color: #000000            }\n            #ycd-circle-1623 .textDiv_Years span {\n                color: #000000            }\n            #ycd-circle-1623 .textDiv_Months h4 {\n                color: #000000            }\n            #ycd-circle-1623 .textDiv_Months span {\n                color:             }\n            #ycd-circle-1623 .textDiv_Days h4 {\n                color: #000000            }\n            #ycd-circle-1623 .textDiv_Days span {\n                color: #000000            }\n            #ycd-circle-1623 .textDiv_Hours h4 {\n                color: #000000            }\n            #ycd-circle-1623 .textDiv_Hours span {\n                color: #000000            }\n            #ycd-circle-1623 .textDiv_Minutes h4 { \n                color: #000000            }\n            #ycd-circle-1623 .textDiv_Minutes span {\n                color: #000000            }\n            #ycd-circle-1623 .textDiv_Seconds h4 {\n                color: #000000            }\n            #ycd-circle-1623 .textDiv_Seconds span {\n                color: #000000            }\n            .ycd-circle-1623-wrapper {\n                text-align: center;\n            }\n                    <\/style>\n        <\/div>\n\n\n\n<p class=\"has-text-align-center has-large-font-size\">\ud83d\ude4f\ud83d\ude4f\ud83d\ude4f<\/p>\n\n\n\n<h2 class=\"wp-block-heading\">Gi\u1edd \u0111\u1ecba ph\u01b0\u01a1ng n\u01a1i Th\u1ea7y \u1edf<\/h2>\n\n\n\n<iframe loading=\"lazy\" src=\"https:\/\/free.timeanddate.com\/clock\/i7raolvz\/n165\/fn7\/fs48\/fcf90\/tct\/pct\/ftb\/th1\" width=\"100%\" height=\"100%\" frameborder=\"0\"><\/iframe>\n\n\n\n<h2 class=\"wp-block-heading\">Th\u1eddi kh\u00f3a trong ng\u00e0y theo gi\u1edd Th\u1ea7y \u1edf<\/h2>\n\n\n\n<div class=\"wp-block-cooltimeline-timeline-block\"><div class=\"ctl-instant-timeline block-1625528808502  both-sided\" style=\"--timeLineColor:#D91B3E;--textColor:#000;--titleSize:18px;--descriptionSize:14px;--timeSize:18px\"><div class=\"timeline-content\"><div class=\"ctl-row\"><div class=\"ctl-col-6\"><div class=\"story-time\"><div style=\"color:#000;font-size:18px\">21:00 &#8211; 22:30<\/div><\/div><\/div><div class=\"ctl-col-6\"><div class=\"story-details\"><div class=\"story-image\"><img decoding=\"async\" src=\"https:\/\/daotrangtayphuong.org\/wordpress\/wp-content\/uploads\/2013\/09\/adidabanner_small-scaled.jpg\"\/><\/div><h3 style=\"color:#000;font-size:18px;line-height:24.12px\">C\u1ed9ng tu t\u1ed1i<\/h3><p style=\"color:#000;font-size:14px;line-height:24.22px\">Tr\u00ec ch\u00fa \u0110\u1ea1i Bi ho\u1eb7c T\u1ee5ng Kinh, Ni\u1ec7m Ph\u1eadt<\/p><\/div><\/div><\/div><\/div><\/div><\/div>\n\n\n\n<h2 class=\"wp-block-heading\">C\u00e1ch tham d\u1ef1 (xin vui l\u00f2ng b\u1ea5m hay &#8220;nh\u1ea5p + gi\u1eef&#8221; v\u00e0o h\u00ecnh \u0111\u1ec3 k\u1ebft n\u1ed1i tr\u1ef1c ti\u1ebfp)<\/h2>\n\n\n\n<div class=\"wp-block-image size-large\"><figure class=\"aligncenter\"><a href=\"https:\/\/us06web.zoom.us\/j\/82778552698?pwd=OVJTRlN6SzRnVEJEd0ZaY3E2eDhxdz09\"><img loading=\"lazy\" decoding=\"async\" width=\"225\" height=\"225\" src=\"https:\/\/daotrangtayphuong.org\/wordpress\/wp-content\/uploads\/2021\/06\/Zoom.jpg\" alt=\"Xin b\u1ea5m v\u00e0o \u0111\u1ec3 k\u1ebft n\u1ed1i Zoom tr\u1ef1c ti\u1ebfp\" class=\"wp-image-1688\" srcset=\"https:\/\/daotrangtayphuong.org\/wordpress\/wp-content\/uploads\/2021\/06\/Zoom.jpg 225w, https:\/\/daotrangtayphuong.org\/wordpress\/wp-content\/uploads\/2021\/06\/Zoom-150x150.jpg 150w\" sizes=\"auto, (max-width: 225px) 100vw, 225px\" \/><\/a><figcaption>K\u00eanh ch\u00ednh th\u1ee9c<\/figcaption><\/figure><\/div>\n\n\n\n<div class=\"wp-block-image size-large\"><figure class=\"alignleft is-resized\"><a href=\"https:\/\/zoom.us\/wc\/join\/96822717918?pwd=bkJYVnZ3clRhVXpiaEx1d0l2bGlyQT09\"><img loading=\"lazy\" decoding=\"async\" src=\"https:\/\/daotrangtayphuong.org\/wordpress\/wp-content\/uploads\/2021\/06\/Zoom.jpg\" alt=\"\" class=\"wp-image-1688\" width=\"58\" height=\"58\" srcset=\"https:\/\/daotrangtayphuong.org\/wordpress\/wp-content\/uploads\/2021\/06\/Zoom.jpg 225w, https:\/\/daotrangtayphuong.org\/wordpress\/wp-content\/uploads\/2021\/06\/Zoom-150x150.jpg 150w\" sizes=\"auto, (max-width: 58px) 100vw, 58px\" \/><\/a><figcaption>C\u00e1ch v\u00e0o t\u1eeb COMPUTER \u0111\u1ec3 b\u00e0n m\u00e0 kh\u00f4ng c\u1ea7n c\u00e0i \u0111\u1eb7t zoom<\/figcaption><\/figure><\/div>\n\n\n\n<div class=\"wp-block-image aligncenter size-large is-resized\"><figure class=\"aligncenter size-large is-resized\"><a href=\"tel:+16699006833,,82778552698#,,,,*672382#\" target=\"_blank\" rel=\"tel:+16699006833,,82778552698#,,,,*923074# noopener\"><img loading=\"lazy\" decoding=\"async\" src=\"https:\/\/daotrangtayphuong.org\/wordpress\/wp-content\/uploads\/2021\/06\/zoomphone.png\" alt=\"Xin b\u1ea5m v\u00e0o \u0111\u1ec3 g\u1ecdi s\u1ed1 Phone \u1edf San Jose, CA, USA \u0111\u1ec3 v\u00e0o zoom\" class=\"wp-image-1690\" width=\"237\" height=\"125\" srcset=\"https:\/\/daotrangtayphuong.org\/wordpress\/wp-content\/uploads\/2021\/06\/zoomphone.png 309w, https:\/\/daotrangtayphuong.org\/wordpress\/wp-content\/uploads\/2021\/06\/zoomphone-300x158.png 300w\" sizes=\"auto, (max-width: 237px) 100vw, 237px\" \/><\/a><figcaption>Xin b\u1ea5m v\u00e0o \u0111\u1ec3 g\u1ecdi s\u1ed1 Phone \u1edf San Jose, CA, USA \u0111\u1ec3 v\u00e0o zoom<\/figcaption><\/figure><\/div>\n\n\n\n<p><\/p>\n\n\n\n<div class=\"wp-block-image size-large\"><figure class=\"aligncenter is-resized\"><a href=\"https:\/\/www.youtube.com\/channel\/UCteMfphDKY5ySYTdnU7rMTg?view_as=subscriber\"><img loading=\"lazy\" decoding=\"async\" src=\"https:\/\/daotrangtayphuong.org\/wordpress\/wp-content\/uploads\/2021\/06\/ytubelive.jpg\" alt=\"phbtt channel\" class=\"wp-image-1689\" width=\"275\" height=\"157\"\/><\/a><figcaption>K\u00eanh ph\u1ee5 khi c\u00f3 livestream<\/figcaption><\/figure><\/div>\n\n\n\n<div class=\"wp-block-image size-large\"><figure class=\"alignleft\"><a href=\"https:\/\/www.facebook.com\/phbtt\/videos\"><img loading=\"lazy\" decoding=\"async\" width=\"225\" height=\"225\" src=\"https:\/\/daotrangtayphuong.org\/wordpress\/wp-content\/uploads\/2021\/06\/facebook.png\" alt=\"\" class=\"wp-image-1687\" srcset=\"https:\/\/daotrangtayphuong.org\/wordpress\/wp-content\/uploads\/2021\/06\/facebook.png 225w, https:\/\/daotrangtayphuong.org\/wordpress\/wp-content\/uploads\/2021\/06\/facebook-150x150.png 150w\" sizes=\"auto, (max-width: 225px) 100vw, 225px\" \/><\/a><figcaption>K\u00eanh ph\u1ee5 khi c\u00f3 livestream<\/figcaption><\/figure><\/div>\n\n\n\n<div class=\"wp-block-image size-large\"><figure class=\"alignright is-resized\"><a href=\"https:\/\/www.facebook.com\/TriKinh-106596901484531\/\"><img loading=\"lazy\" decoding=\"async\" src=\"https:\/\/daotrangtayphuong.org\/wordpress\/wp-content\/uploads\/2021\/06\/facebook.png\" alt=\"\" class=\"wp-image-1687\" width=\"89\" height=\"89\" srcset=\"https:\/\/daotrangtayphuong.org\/wordpress\/wp-content\/uploads\/2021\/06\/facebook.png 225w, https:\/\/daotrangtayphuong.org\/wordpress\/wp-content\/uploads\/2021\/06\/facebook-150x150.png 150w\" sizes=\"auto, (max-width: 89px) 100vw, 89px\" \/><\/a><figcaption>Livestream tr\u00ean k\u00eanh Tr\u00ec Kinh<\/figcaption><\/figure><\/div>\n\n\n\n<p><\/p>\n\n\n\n<p><\/p>\n\n\n\n<p><\/p>\n\n\n\n<p><\/p>\n\n\n\n<p><\/p>\n\n\n\n<h2 class=\"wp-block-heading\">C\u00e1c quy\u1ec3n Kinh th\u01b0\u1eddng t\u1ee5ng<\/h2>\n\n\n\n<p>Kinh Ph\u00e1p Hoa (<a rel=\"noreferrer noopener\" href=\"https:\/\/daotrangtayphuong.org\/Dharma_in_English\/Lotus_Sutra\/DieuPhapLienHoaKinh.pdf\" target=\"_blank\">Vi\u1ec7t <\/a>| Bilingual: <a href=\"https:\/\/daotrangtayphuong.org\/Dharma_in_English\/Lotus_Sutra\/Q1_KINH_PHAP_HOA_LOTUS_SUTRA.pdf\" target=\"_blank\" rel=\"noreferrer noopener\">Q1<\/a>, <a href=\"https:\/\/daotrangtayphuong.org\/Dharma_in_English\/Lotus_Sutra\/Q2_KINH_PHAP_HOA_LOTUS_SUTRA.pdf\" target=\"_blank\" rel=\"noreferrer noopener\">Q2<\/a>, <a href=\"https:\/\/daotrangtayphuong.org\/Dharma_in_English\/Lotus_Sutra\/Q3_KINH_PHAP_HOA_LOTUS_SUTRA.pdf\" target=\"_blank\" rel=\"noreferrer noopener\">Q3<\/a>, <a href=\"https:\/\/daotrangtayphuong.org\/Dharma_in_English\/Lotus_Sutra\/Q4_KINH_PHAP_HOA_LOTUS_SUTRA.pdf\" data-type=\"URL\" target=\"_blank\" rel=\"noreferrer noopener\">Q4<\/a>, <a href=\"https:\/\/daotrangtayphuong.org\/Dharma_in_English\/Lotus_Sutra\/Q5_KINH_PHAP_HOA_LOTUS_SUTRA.pdf\" target=\"_blank\" rel=\"noreferrer noopener\">Q5<\/a>, <a href=\"https:\/\/daotrangtayphuong.org\/Dharma_in_English\/Lotus_Sutra\/Q6_KINH_PHAP_HOA_LOTUS_SUTRA.pdf\" target=\"_blank\" rel=\"noreferrer noopener\">Q6<\/a>, <a href=\"https:\/\/daotrangtayphuong.org\/Dharma_in_English\/Lotus_Sutra\/Q7_KINH_PHAP_HOA_LOTUS_SUTRA.pdf\" target=\"_blank\" rel=\"noreferrer noopener\">Q7<\/a>)<\/p>\n\n\n\n<p><a rel=\"noreferrer noopener\" href=\"https:\/\/daotrangtayphuong.org\/Dharma_in_English\/Amitabha_Sutra.pdf\" target=\"_blank\">Kinh A Di \u0110\u00e0<\/a><\/p>\n\n\n\n<p><a href=\"https:\/\/daotrangtayphuong.org\/Dharma_in_English\/KINH_DUOC_SU_MEDICINE_BUDDHA_SUTRA.pdf\" target=\"_blank\" rel=\"noreferrer noopener\">Kinh D\u01b0\u1ee3c S\u01b0<\/a><\/p>\n\n\n\n<p><a href=\"https:\/\/daotrangtayphuong.org\/Dharma_in_English\/Lotus_Sutra\/Q7\/P25_KINH_PHAP_HOA_LOTUS_SUTRA_PHO_MON_QUAN_THE_AM_UNIVERSAL_DOOR_OF_SOUND_OBSERVER_BODHISATTVA_SUTRA.pdf\" target=\"_blank\" rel=\"noreferrer noopener\">Kinh Ph\u1ed5 M\u00f4n<\/a><\/p>\n\n\n\n<p><a href=\"https:\/\/daotrangtayphuong.org\/Dharma_in_English\/Kinh_Vu_Lan.pdf\" target=\"_blank\" rel=\"noreferrer noopener\">Kinh Vu Lan<\/a><\/p>\n\n\n\n<p><a href=\"https:\/\/daotrangtayphuong.org\/Dharma_in_English\/Kinh_Bao_Hieu.pdf\" target=\"_blank\" rel=\"noreferrer noopener\">Kinh B\u00e1o Hi\u1ebfu<\/a><\/p>\n\n\n\n<p><a href=\"https:\/\/daotrangtayphuong.org\/Dharma_in_English\/KINH_DIA_TANG_EARTH_STORE_SUTRA.pdf\" target=\"_blank\" rel=\"noreferrer noopener\">Kinh \u0110\u1ecba T\u1ea1ng<\/a><\/p>\n\n\n\n<p><a href=\"https:\/\/daotrangtayphuong.org\/Dharma_in_English\/Nghi_tom_luoc_Prayer_Book.pdf\" target=\"_blank\" rel=\"noreferrer noopener\">Nghi t\u00f3m l\u01b0\u1ee3c<\/a><\/p>\n\n\n\n<p><a href=\"https:\/\/daotrangtayphuong.org\/Dharma_in_English\/NGHI_THUC_CUNG_NGO.g.pdf\" target=\"_blank\" rel=\"noreferrer noopener\">Nghi c\u00fang ng\u1ecd<\/a><\/p>\n\n\n\n<p><\/p>\n\n\n\n<h2 class=\"wp-block-heading\">C\u00e1c ki\u1ec3u ni\u1ec7m Ph\u1eadt<\/h2>\n\n\n\n<figure class=\"wp-block-audio\"><audio controls src=\"https:\/\/daotrangtayphuong.org\/7_Niem_Phat\/Tvpv_NMADDP_mung3Tet_48k.mp3\"><\/audio><figcaption>TVPV m\u00f9ng 3 T\u1ebft 2019<\/figcaption><\/figure>\n\n\n\n<figure class=\"wp-block-audio\"><audio controls src=\"https:\/\/daotrangtayphuong.org\/7_Niem_Phat\/Mung_5_2020_TVPV.mp3\" loop><\/audio><figcaption>TVPV m\u00f9ng 5 T\u1ebft 2020<\/figcaption><\/figure>\n\n\n\n<p><a href=\"https:\/\/us02web.zoom.us\/j\/81364968717?pwd=UERVeDcrWW1RaXgwQ09QdjkxUlRiQT09\">Test Zoom kh\u00e1c<\/a><\/p>\n","protected":false},"excerpt":{"rendered":"<p>M\u1ee5c th\u00f4ng b\u00e1o \ud83d\ude4f\ud83d\ude4f\ud83d\ude4f Gi\u1edd \u0111\u1ecba ph\u01b0\u01a1ng n\u01a1i Th\u1ea7y \u1edf Th\u1eddi kh\u00f3a trong ng\u00e0y theo gi\u1edd Th\u1ea7y \u1edf C\u00e1ch tham d\u1ef1 (xin vui l\u00f2ng b\u1ea5m hay &#8220;nh\u1ea5p + gi\u1eef&#8221; v\u00e0o h\u00ecnh \u0111\u1ec3 k\u1ebft n\u1ed1i tr\u1ef1c<span class=\"more-button\"><a href=\"https:\/\/daotrangtayphuong.org\/wordpress\/thoi-khoa-tu-theo-thay-thich-tam-tuong\/\" class=\"more-link\">Continue reading<span class=\"screen-reader-text\">Th\u1eddi kh\u00f3a tu theo Th\u1ea7y Th\u00edch T\u00e2m T\u01b0\u1eddng<\/span><i class=\"fa fa-angle-right\" aria-hidden=\"true\"><\/i><\/a><\/span><\/p>\n","protected":false},"author":1,"featured_media":0,"parent":0,"menu_order":0,"comment_status":"closed","ping_status":"closed","template":"","meta":{"episode_type":"","audio_file":"","cover_image":"","cover_image_id":"","duration":"","filesize":"","date_recorded":"","explicit":"","block":"","itunes_episode_number":"","itunes_title":"","itunes_season_number":"","itunes_episode_type":"","filesize_raw":"","footnotes":""},"class_list":["post-2031","page","type-page","status-publish","hentry"],"jetpack_sharing_enabled":true,"jetpack_likes_enabled":true,"_links":{"self":[{"href":"https:\/\/daotrangtayphuong.org\/wordpress\/wp-json\/wp\/v2\/pages\/2031","targetHints":{"allow":["GET"]}}],"collection":[{"href":"https:\/\/daotrangtayphuong.org\/wordpress\/wp-json\/wp\/v2\/pages"}],"about":[{"href":"https:\/\/daotrangtayphuong.org\/wordpress\/wp-json\/wp\/v2\/types\/page"}],"author":[{"embeddable":true,"href":"https:\/\/daotrangtayphuong.org\/wordpress\/wp-json\/wp\/v2\/users\/1"}],"replies":[{"embeddable":true,"href":"https:\/\/daotrangtayphuong.org\/wordpress\/wp-json\/wp\/v2\/comments?post=2031"}],"version-history":[{"count":5,"href":"https:\/\/daotrangtayphuong.org\/wordpress\/wp-json\/wp\/v2\/pages\/2031\/revisions"}],"predecessor-version":[{"id":3169,"href":"https:\/\/daotrangtayphuong.org\/wordpress\/wp-json\/wp\/v2\/pages\/2031\/revisions\/3169"}],"wp:attachment":[{"href":"https:\/\/daotrangtayphuong.org\/wordpress\/wp-json\/wp\/v2\/media?parent=2031"}],"curies":[{"name":"wp","href":"https:\/\/api.w.org\/{rel}","templated":true}]}}