{"id":1413,"date":"2018-06-22T21:13:36","date_gmt":"2018-06-22T21:13:36","guid":{"rendered":"https:\/\/dotiengiang.wordpress.com\/?page_id=1413"},"modified":"2023-05-17T15:31:45","modified_gmt":"2023-05-17T22:31:45","slug":"kinh-duoc-su","status":"publish","type":"page","link":"https:\/\/daotrangtayphuong.org\/wordpress\/kinh-duoc-su\/","title":{"rendered":"Kinh D\u01b0\u1ee3c S\u01b0 &#8211; Medicine Buddha"},"content":{"rendered":"<div id=\"fb-root\"><\/div>\n\n<figure class=\"wp-block-table alignfull\"><table><tbody><tr><td>Th\u1ea7n Ch\u00fa ti\u1ebfng Vi\u1ec7t<\/td><td>Tibetan Mantra in English<\/td><td>D\u1ea7u gi\u00fap \u0111\u1ee1 tr\u1ecb c\u1ea3m<\/td><\/tr><tr><td>Nam m\u00f4 B\u1ea1c-gi\u00e0-ph\u1ea1t-\u0111\u1ebf, b\u1ec7 s\u00e1t x\u1ea3 l\u1ee5-r\u00f4, th\u00edch l\u01b0u-li, b\u00e1t l\u1ea1t b\u00e0, h\u1eaft ra x\u00e0 gi\u00e3, \u0111\u00e1t tha y\u1ebft \u0111a gia, a ra h\u00e1t \u0111\u1ebf, tam mi\u1ec7u tam b\u1ed9t \u0111\u00e0 gia, <strong><em>\u0111\u00e1t \u0111i\u1ec7t tha. \u00c1n b\u1ec7 s\u00e1t th\u1ec7, b\u1ec7 s\u00e1t th\u1ec7, b\u1ec7 s\u00e1t x\u00e3, tam m\u1ed9t y\u1ebft \u0111\u1ebf t\u00f3a ha.<\/em><\/strong><br><br><a href=\"https:\/\/daotrangtayphuong.org\/Covid-19_relief_all_languages.html?opentab=Viet\"><span style=\"text-decoration: underline;\">M\u1ed9t c\u00e1ch \u0111i\u1ec1u ph\u1ee5c Covid-19<\/span><\/a><\/td><td><strong><em>Tayata. Om Bekanze Bekanze Maha Bekanze&nbsp;Radza Samudgate Soha <\/em><\/strong><br><br><br><br><br><br><a href=\"https:\/\/daotrangtayphuong.org\/Covid-19_relief_all_languages.html?opentab=English\"><span style=\"text-decoration: underline;\">A relief way for Covid-19<\/span><\/a><\/td><td><a href=\"https:\/\/www.iherb.com\/pr\/Tea-Tree-Therapy-Tea-Tree-Oil-1-fl-oz-30-ml\/15424\"><span style=\"text-decoration: underline;\">100% Pure Australian Tea tree oil <\/span><\/a>(made in USA) hay tinh d\u1ea7u ch\u00e0m Vi\u1ec7t Nam c\u0169ng \u0111\u01b0\u1ee3c.<br><br>C\u00e1ch d\u00f9ng: <br>1. Vi khu\u1ea9n c\u00fam lo\u1ea1i nh\u1eb9: Khi th\u1ea5y ch\u1ea3y m\u0169i hay \u1edbn l\u1ea1nh c\u00f3 th\u1ec3 nh\u1ecf 1 gi\u1ecdt d\u1ea7u tr\u00ean ng\u00f3n tay \u00fat s\u1ea1ch s\u1ebd r\u1ed3i ngo\u00e1y v\u00e0o m\u0169i hay tai. <br><br>2. Vi khu\u1ea9n c\u00fam n\u1eb7ng h\u01a1n: ch\u1ea3y m\u0169i, \u0111au h\u1ecdng tr\u1edf l\u1ea1i sau v\u00e0i gi\u1edd hay 1 ng\u00e0y, c\u00f3 th\u1ec3 pha 3, 4 gi\u1ecdt d\u1ea7u v\u00e0o chai c\u00f3 \u1ed1ng \u0111\u1ec3 nh\u1ecf, PHA lo\u00e3ng v\u1edbi mu\u1ed1i epsom \u0111\u1ec3 nh\u1ecf v\u00e0o m\u0169i hay h\u1ecdng 4, 5  l\u1ea7n trong ng\u00e0y.<br><br>3. Vi khu\u1ea9n c\u00fam n\u1eb7ng h\u01a1n n\u1eefa: ng\u1ee9a c\u1ed5, mu\u1ed1n ho. N\u1eb1m ng\u1eeda v\u00e0 nh\u1ecf 2 gi\u1ecdt d\u1ea7u nguy\u00ean ch\u1ea5t th\u1eb3ng v\u00e0o c\u1ed5 h\u1ecdng trong t\u01b0 th\u1ebf n\u1eb1m trong 2 ph\u00fat \u0111\u1ec3 d\u1ea7u ng\u1ea5m v\u00e0o c\u1ed5. <br><br>L\u01b0u \u00fd: <br>1. V\u00ec l\u00e0 d\u1ea7u essential oil n\u00ean tr\u00e1nh d\u00f9ng d\u1ea7u nguy\u00ean ch\u1ea5t qu\u00e1 2 l\u1ea7n trong ng\u00e0y.<br><br>2. Ai b\u1ecb d\u1ecb \u1ee9ng v\u1edbi d\u1ea7u th\u00ec kh\u00f4ng th\u1ec3 d\u00f9ng.<br><br>3. D\u1ea7u n\u00e0y ch\u01b0a th\u1eed v\u1edbi ng\u01b0\u1eddi b\u1ecb Covid-19 n\u00ean kh\u00f4ng n\u00ean \u1ef7 l\u1ea1i, m\u00e0 ph\u1ea3i tu\u00e2n theo ti\u00eau chu\u1ea9n y t\u1ebf \u0111\u1ecba ph\u01b0\u01a1ng \u0111\u1ec3 \u0111i\u1ec1u tr\u1ecb.<br><br>4. Khi kh\u00f4ng c\u00f3 tri\u1ec7u ch\u1ee9ng c\u1ea3m th\u00ec kh\u00f4ng c\u1ea7n d\u00f9ng d\u1ea7u n\u00e0y.<\/td><\/tr><\/tbody><\/table><\/figure>\n\n\n<ul>\n<li><a href=\"https:\/\/daotrangtayphuong.org\/doc\/KDS\/KINH_DUOC_SU_TRON_BO_THUONG_TOA_THICH_TRI_THOAT_TUNG.mp3\" target=\"_blank\" rel=\"noopener noreferrer\">Kinh D\u01b0\u1ee3c S\u01b0 &#8211; Tr\u1ecdn b\u1ed9<\/a><br \/>\n<figure class=\"wp-block-audio\"><audio src=\"https:\/\/daotrangtayphuong.org\/doc\/KDS\/KINH_DUOC_SU_TRON_BO_THUONG_TOA_THICH_TRI_THOAT_TUNG.mp3\" controls=\"controls\"><\/audio><\/figure>\n<\/li>\n<\/ul>\n<p>Kinh t\u1ee5ng theo 3 ph\u1ea7n (\u0111\u1ec3 c\u00f3 th\u1ec3 nghe ph\u1ea7n Kinh ch\u00ednh ri\u00eang l\u1ebb)<\/p>\n<ul>\n<li><a href=\"https:\/\/daotrangtayphuong.org\/doc\/KDS\/PHAN_1_KINH_DUOC_SU_THUONG_TOA_THICH_TRI_THOAT_TUNG.mp3\">Kinh D\u01b0\u1ee3c S\u01b0 &#8211; Ph\u1ea7n khai Kinh<\/a><br \/>\n<figure class=\"wp-block-audio\"><audio src=\"https:\/\/daotrangtayphuong.org\/doc\/KDS\/PHAN_1_KINH_DUOC_SU_THUONG_TOA_THICH_TRI_THOAT_TUNG.mp3\" controls=\"controls\"><\/audio><\/figure>\n<\/li>\n<li><a href=\"https:\/\/daotrangtayphuong.org\/doc\/KDS\/PHAN_2_KINH_DUOC_SU_THUONG_TOA_THICH_TRI_THOAT_TUNG.mp3\">Kinh D\u01b0\u1ee3c S\u01b0 &#8211; Ph\u1ea7n Kinh ch\u00ednh<\/a><br \/>\n<figure class=\"wp-block-audio\"><audio src=\"https:\/\/daotrangtayphuong.org\/doc\/KDS\/PHAN_2_KINH_DUOC_SU_THUONG_TOA_THICH_TRI_THOAT_TUNG.mp3\" controls=\"controls\"><\/audio><\/figure>\n<\/li>\n<li><a href=\"https:\/\/daotrangtayphuong.org\/doc\/KDS\/PHAN_3_end_KINH_DUOC_SU_THUONG_TOA_THICH_TRI_THOAT_TUNG.mp3\">Kinh D\u01b0\u1ee3c S\u01b0 &#8211; Ph\u1ea7n h\u1ed3i h\u01b0\u1edbng<\/a><br \/>\n<figure class=\"wp-block-audio\"><audio src=\"https:\/\/daotrangtayphuong.org\/doc\/KDS\/PHAN_3_end__KINH_DUOC_SU_THUONG_TOA_THICH_TRI_THOAT_TUNG.mp3\" controls=\"controls\"><\/audio><\/figure>\n<\/li>\n<\/ul>\n<p>T\u1ee5ng theo Kinh D\u01b0\u1ee3c S\u01b0 theo video TungKinhOK<\/p>\n<ul>\n<li>\n<div style=\"width: 640px;\" class=\"wp-video\"><video class=\"wp-video-shortcode\" id=\"video-1413-1\" width=\"640\" height=\"360\" preload=\"metadata\" controls=\"controls\"><source type=\"video\/mp4\" src=\"http:\/\/daotrangtayphuong.org\/doc\/KDS\/Kinh_Duoc_Su_generic_on_demand.mp4?_=1\" \/><a href=\"http:\/\/daotrangtayphuong.org\/doc\/KDS\/Kinh_Duoc_Su_generic_on_demand.mp4\">http:\/\/daotrangtayphuong.org\/doc\/KDS\/Kinh_Duoc_Su_generic_on_demand.mp4<\/a><\/video><\/div>\n<\/li>\n<\/ul>\n<p>Tr\u00ec ch\u00fa D\u01b0\u1ee3c S\u01b0 ti\u1ebfng Vi\u1ec7t nhanh theo video TungKinhOK<\/p>\n<ul>\n<li>\n<div style=\"width: 640px;\" class=\"wp-video\"><video class=\"wp-video-shortcode\" id=\"video-1413-2\" width=\"640\" height=\"360\" preload=\"metadata\" controls=\"controls\"><source type=\"video\/mp4\" src=\"http:\/\/daotrangtayphuong.org\/doc\/KDS\/Tri_Chu_Duoc_Su_nhanh_tieng_Viet%20108.mp4?_=2\" \/><a href=\"http:\/\/daotrangtayphuong.org\/doc\/KDS\/Tri_Chu_Duoc_Su_nhanh_tieng_Viet%20108.mp4\">http:\/\/daotrangtayphuong.org\/doc\/KDS\/Tri_Chu_Duoc_Su_nhanh_tieng_Viet%20108.mp4<\/a><\/video><\/div>\n<\/li>\n<\/ul>\n<p>Ch\u00fa D\u01b0\u1ee3c S\u01b0 &#8211; Medicine Buddha Mantra<\/p>\n<p>\u00a0<\/p>\n<p><a href=\"https:\/\/daotrangtayphuong.org\/doc\/KDS\/24%20Medicine%20Buddha%20Mantra%20(with%20words).mp3\">Nh\u1ea1c ch\u00fa D\u01b0\u1ee3c S\u01b0 T\u00e2y T\u1ea1ng<\/a><\/p>\n<figure class=\"wp-block-audio\"><audio src=\"https:\/\/daotrangtayphuong.org\/doc\/KDS\/24%20Medicine%20Buddha%20Mantra%20(with%20words).mp3\" controls=\"controls\"><\/audio><\/figure>\n<p>\u00a0<\/p>\n<p><a href=\"https:\/\/daotrangtayphuong.org\/doc\/KDS\/Tri_Chu_Duoc_Su_nhanh_tieng_Viet.mp3\">Tr\u00ec ch\u00fa D\u01b0\u1ee3c S\u01b0 ti\u1ebfng Vi\u1ec7t nhanh 108 bi\u1ebfn<\/a><\/p>\n<figure class=\"wp-block-audio\"><audio src=\"https:\/\/daotrangtayphuong.org\/doc\/KDS\/Tri_Chu_Duoc_Su_nhanh_tieng_Viet.mp3\" controls=\"controls\"><\/audio><\/figure>\n<p>\u00a0<\/p>\n<p>Nghi th\u1ee9c Tr\u00ec ch\u00fa D\u01b0\u1ee3c S\u01b0 Vi\u1ec7t Nam 108 bi\u1ebfn theo d\u1ea1ng TungKinhOk (xin m\u1eddi tham d\u1ef1 th\u1eddi kh\u00f3a live \u1edf <a href=\"http:\/\/daotrangtayphuong.org\/DharmaWeeklyRound.html\">\u0111\u00e2y<\/a>)<\/p>\n<div style=\"width: 640px;\" class=\"wp-video\"><video class=\"wp-video-shortcode\" id=\"video-1413-3\" width=\"640\" height=\"360\" preload=\"metadata\" controls=\"controls\"><source type=\"video\/mp4\" src=\"http:\/\/daotrangtayphuong.org\/doc\/KDS\/Nghi_thuc_Tri_Chu_Duoc_Su_108_bien.mp4?_=3\" \/><a href=\"http:\/\/daotrangtayphuong.org\/doc\/KDS\/Nghi_thuc_Tri_Chu_Duoc_Su_108_bien.mp4\">http:\/\/daotrangtayphuong.org\/doc\/KDS\/Nghi_thuc_Tri_Chu_Duoc_Su_108_bien.mp4<\/a><\/video><\/div>\n<p>\u00a0<\/p>\n\n\n<p><a href=\"https:\/\/daotrangtayphuong.org\/Dharma_in_English\/KINH_DUOC_SU_MEDICINE_BUDDHA_SUTRA.pdf\">Medicine Buddha Sutra Viet-English pdf<\/a><\/p>\n\n\n\n<p><a href=\"https:\/\/daotrangtayphuong.org\/doc\/KDS\/Kinh_Duoc_Su.pdf\">Kinh D\u01b0\u1ee3c S\u01b0 pdf<\/a> <\/p>\n\n\n\n<p><\/p>\n","protected":false},"excerpt":{"rendered":"<p>Th\u1ea7n Ch\u00fa ti\u1ebfng Vi\u1ec7t Tibetan Mantra in English D\u1ea7u gi\u00fap \u0111\u1ee1 tr\u1ecb c\u1ea3m Nam m\u00f4 B\u1ea1c-gi\u00e0-ph\u1ea1t-\u0111\u1ebf, b\u1ec7 s\u00e1t x\u1ea3 l\u1ee5-r\u00f4, th\u00edch l\u01b0u-li, b\u00e1t l\u1ea1t b\u00e0, h\u1eaft ra x\u00e0 gi\u00e3, \u0111\u00e1t tha y\u1ebft \u0111a gia, a<span class=\"more-button\"><a href=\"https:\/\/daotrangtayphuong.org\/wordpress\/kinh-duoc-su\/\" class=\"more-link\">Continue reading<span class=\"screen-reader-text\">Kinh D\u01b0\u1ee3c S\u01b0 &#8211; Medicine Buddha<\/span><i class=\"fa fa-angle-right\" aria-hidden=\"true\"><\/i><\/a><\/span><\/p>\n","protected":false},"author":1,"featured_media":0,"parent":0,"menu_order":0,"comment_status":"closed","ping_status":"closed","template":"","meta":{"episode_type":"","audio_file":"","cover_image":"","cover_image_id":"","duration":"","filesize":"","date_recorded":"","explicit":"","block":"","itunes_episode_number":"","itunes_title":"","itunes_season_number":"","itunes_episode_type":"","filesize_raw":"","footnotes":""},"class_list":["post-1413","page","type-page","status-publish","hentry"],"jetpack_sharing_enabled":true,"jetpack_likes_enabled":true,"_links":{"self":[{"href":"https:\/\/daotrangtayphuong.org\/wordpress\/wp-json\/wp\/v2\/pages\/1413","targetHints":{"allow":["GET"]}}],"collection":[{"href":"https:\/\/daotrangtayphuong.org\/wordpress\/wp-json\/wp\/v2\/pages"}],"about":[{"href":"https:\/\/daotrangtayphuong.org\/wordpress\/wp-json\/wp\/v2\/types\/page"}],"author":[{"embeddable":true,"href":"https:\/\/daotrangtayphuong.org\/wordpress\/wp-json\/wp\/v2\/users\/1"}],"replies":[{"embeddable":true,"href":"https:\/\/daotrangtayphuong.org\/wordpress\/wp-json\/wp\/v2\/comments?post=1413"}],"version-history":[{"count":4,"href":"https:\/\/daotrangtayphuong.org\/wordpress\/wp-json\/wp\/v2\/pages\/1413\/revisions"}],"predecessor-version":[{"id":3388,"href":"https:\/\/daotrangtayphuong.org\/wordpress\/wp-json\/wp\/v2\/pages\/1413\/revisions\/3388"}],"wp:attachment":[{"href":"https:\/\/daotrangtayphuong.org\/wordpress\/wp-json\/wp\/v2\/media?parent=1413"}],"curies":[{"name":"wp","href":"https:\/\/api.w.org\/{rel}","templated":true}]}}